 the tens digit of 50493000?
0
What is the tens digit of 26071221?
2
What is the ten millions digit of 3186004419?
8
What is the millions digit of 101533688?
1
What is the ten millions digit of 118977700?
1
What is the hundred thousands digit of 224405908?
4
What is the billions digit of 1213176162?
1
What is the units digit of 3261838216?
6
What is the ten thousands digit of 122609590?
0
What is the tens digit of 2966039596?
9
What is the thousands digit of 7491004480?
4
What is the hundred thousands digit of 287630727?
6
What is the units digit of 241905942?
2
What is the ten millions digit of 977016609?
7
What is the hundred thousands digit of 32686581?
6
What is the millions digit of 1627531477?
7
What is the millions digit of 329485974?
9
What is the units digit of 54668799?
9
What is the millions digit of 37523546?
7
What is the units digit of 1401920257?
7
What is the millions digit of 60470601?
0
What is the hundreds digit of 854621442?
4
What is the units digit of 19671037?
7
What is the hundred millions digit of 3227480031?
2
What is the thousands digit of 809654799?
4
What is the tens digit of 135004926?
2
What is the millions digit of 95940670?
5
What is the millions digit of 1152235911?
2
What is the units digit of 539803255?
5
What is the ten millions digit of 1982105886?
8
What is the millions digit of 1036057106?
6
What is the millions digit of 5556703?
5
What is the thousands digit of 68432566?
2
What is the units digit of 1156858681?
1
What is the hundred thousands digit of 168871211?
8
What is the hundred thousands digit of 98688832?
6
What is the ten thousands digit of 1113251084?
5
What is the ten millions digit of 224635305?
2
What is the billions digit of 2949494540?
2
What is the hundred thousands digit of 35370976?
3
What is the ten millions digit of 276491895?
7
What is the ten millions digit of 988902042?
8
What is the ten millions digit of 135450177?
3
What is the ten millions digit of 61040131?
6
What is the tens digit of 33315569?
6
What is the hundred thousands digit of 234543820?
5
What is the thousands digit of 5166953?
6
What is the millions digit of 4782232139?
2
What is the tens digit of 469639145?
4
What is the millions digit of 3716802?
3
What is the thousands digit of 3214273811?
3
What is the tens digit of 103337360?
6
What is the millions digit of 26762865?
6
What is the ten millions digit of 923198708?
2
What is the tens digit of 1607824120?
2
What is the ten millions digit of 229075018?
2
What is the units digit of 59535451?
1
What is the ten thousands digit of 136925101?
2
What is the hundred thousands digit of 311874765?
8
What is the hundreds digit of 39307607?
6
What is the ten millions digit of 35123360?
3
What is the hundreds digit of 74166340?
3
What is the ten thousands digit of 14291763?
9
What is the thousands digit of 230163248?
3
What is the ten millions digit of 106750225?
0
What is the tens digit of 169906232?
3
What is the tens digit of 231026962?
6
What is the thousands digit of 30365684?
5
What is the millions digit of 14555188?
4
What is the tens digit of 1731574384?
8
What is the hundred thousands digit of 76365714?
3
What is the hundreds digit of 677710787?
7
What is the tens digit of 17185889?
8
What is the thousands digit of 36200656?
0
What is the thousands digit of 55986146?
6
What is the ten millions digit of 25843941?
2
What is the hundreds digit of 30879323?
3
What is the hundred millions digit of 219141719?
2
What is the units digit of 923476325?
5
What is the hundreds digit of 82913894?
8
What is the hundreds digit of 371835945?
9
What is the thousands digit of 2516073925?
3
What is the hundreds digit of 146950987?
9
What is the tens digit of 3131321980?
8
What is the hundreds digit of 1007339062?
0
What is the tens digit of 1714542090?
9
What is the ten thousands digit of 941285747?
8
What is the ten thousands digit of 16702832?
0
What is the hundreds digit of 18032860?
8
What is the hundred millions digit of 1510641403?
5
What is the units digit of 113357117?
7
What is the hundred thousands digit of 48808419?
8
What is the ten millions digit of 12203297?
1
What is the millions digit of 22215746?
2
What is the hundred millions digit of 158697443?
1
What is the thousands digit of 27692238?
2
What is the thousands digit of 47279762?
9
What is the hundred thousands digit of 611822495?
8
What is the tens digit of 1637985976?
7
What is the hundred thousands digit of 45368116?
3
What is the billions digit of 2707740126?
2
What is the units digit of 14482384?
4
What is the thousands digit of 693135450?
5
What is the thousands digit of 28577682?
7
What is the thousands digit of 109262396?
2
What is the ten thousands digit of 19656187?
5
What is the ten thousands digit of 78070367?
7
What is the hundred millions digit of 388214830?
3
What is the ten millions digit of 14019444?
1
What is the billions digit of 1339872460?
1
What is the thousands digit of 583121256?
1
What is the hundred thousands digit of 70238452?
2
What is the ten millions digit of 20890166?
2
What is the hundred millions digit of 166925148?
1
What is the tens digit of 648263320?
2
What is the ten thousands digit of 189139705?
3
What is the thousands digit of 168134485?
4
What is the billions digit of 5651308015?
5
What is the thousands digit of 3933168402?
8
What is the thousands digit of 27940443?
0
What is the ten thousands digit of 114180750?
8
What is the hundred millions digit of 325861412?
3
What is the hundred millions digit of 761471661?
7
What is the millions digit of 756688986?
6
What is the millions digit of 187440322?
7
What is the ten millions digit of 120071626?
2
What is the tens digit of 108251011?
1
What is the ten thousands digit of 347433103?
3
What is the ten thousands digit of 1123578971?
7
What is the tens digit of 207575340?
4
What is the ten thousands digit of 78810738?
1
What is the tens digit of 146761780?
8
What is the ten millions digit of 106549957?
0
What is the thousands digit of 288335742?
5
What is the ten thousands digit of 83808199?
0
What is the ten thousands digit of 32659543?
5
What is the billions digit of 1162425590?
1
What is the hundred millions digit of 1003505656?
0
What is the thousands digit of 6373906503?
6
What is the hundreds digit of 3518151237?
2
What is the thousands digit of 437116719?
6
What is the units digit of 464018080?
0
What is the ten thousands digit of 186723044?
2
What is the millions digit of 17610167?
7
What is the ten millions digit of 193597443?
9
What is the tens digit of 624956197?
9
What is the ten millions digit of 383287204?
8
What is the millions digit of 97284416?
7
What is the hundreds digit of 801346483?
4
What is the thousands digit of 5690149575?
9
What is the millions digit of 51410748?
1
What is the hundred thousands digit of 471145544?
1
What is the hundreds digit of 3411452334?
3
What is the hundred thousands digit of 2742721790?
7
What is the hundred thousands digit of 67912405?
9
What is the hundreds digit of 3163433321?
3
What is the tens digit of 976883714?
1
What is the ten millions digit of 2507346233?
0
What is the thousands digit of 538778062?
8
What is the hundreds digit of 276016255?
2
What is the units digit of 18853568?
8
What is the hundreds digit of 996400814?
8
What is the units digit of 30499043?
3
What is the thousands digit of 124172175?
2
What is the tens digit of 217442634?
3
What is the millions digit of 2175428856?
5
What is the ten thousands digit of 1015390128?
9
What is the units digit of 68302228?
8
What is the hundred thousands digit of 191085756?
0
What is the units digit of 9883374?
4
What is the billions digit of 1352145158?
1
What is the ten thousands digit of 19556382?
5
What is the hundred millions digit of 139296137?
1
What is the units digit of 983268?
8
What is the millions digit of 636771969?
6
What is the ten millions digit of 20657923?
2
What is the ten thousands digit of 10994096?
9
What is the hundreds digit of 100446548?
5
What is the hundred thousands digit of 54435052?
4
What is the billions digit of 1966309651?
1
What is the hundreds digit of 443839689?
6
What is the hundred millions digit of 989796883?
9
What is the hundreds digit of 26080428?
4
What is the hundred millions digit of